 60 = -12. What is the highest common divisor of l and v?
12
Let z be (-354)/(-4) - ((-35)/10 - -4). Calculate the greatest common divisor of 8 and z.
8
Suppose 0 = 2*w + 10, -5*t + w + 56 - 11 = 0. Suppose -105 = -p - 41. Calculate the greatest common factor of p and t.
8
Let r be -7 + 6 - (-5 - -1). Suppose r*d = -0*d. Suppose d = -g - 2 + 20. What is the greatest common divisor of 9 and g?
9
Let z = 71 - 43. Suppose 6*i - 2*i = z. Calculate the greatest common factor of i and 7.
7
Let d(f) = -6*f - 3. Suppose v + 3*r - 23 = -2*r, -4*v = r + 3. Let n be d(v). Suppose j + 108 = 4*j. Calculate the greatest common divisor of n and j.
9
Let q(t) = -5 - t + 13 + 4*t. Let s be q(6). Suppose s = -5*v + 81. Calculate the highest common divisor of v and 77.
11
Suppose 381 = 4*i + 121. Let g = 318 - i. What is the greatest common factor of 23 and g?
23
Let a be 13 + (2/(-1) - 1). What is the greatest common factor of 30 and a?
10
Let k be (30/9)/((-2)/(-15)). Let o = k - 4. Calculate the greatest common factor of o and 7.
7
Let m be (-3)/(-9) - (-455)/21. Calculate the greatest common divisor of 2 and m.
2
Let y(v) = -4*v - 40. Let g be y(-13). What is the greatest common divisor of 8 and g?
4
Suppose 0 = -6*k + k + 520. Calculate the greatest common divisor of k and 13.
13
Suppose 3*q + 1883 - 452 = 5*h, 5*h = 2*q + 1434. Calculate the greatest common divisor of 32 and h.
32
Let v be 198 + 4 + 2*-2. What is the highest common factor of v and 18?
18
Let z(u) = u. Let p be z(0). Let l = 7 + p. Calculate the greatest common factor of 56 and l.
7
Suppose -2*v + 13 + 27 = 0. Calculate the greatest common divisor of 10 and v.
10
Let u(o) = o**3 + 4*o**2 - 3*o - 1. Let q be u(-3). What is the greatest common factor of q and 170?
17
Let y(k) = 2*k**3 - 19*k**2 + 13*k + 4. Let c be y(9). Calculate the greatest common factor of c and 16.
8
Suppose 140 = 8*k - 4. Calculate the highest common divisor of 54 and k.
18
Let h be (-582)/(-8) + 3/12. Let p be (12/(-9))/2*-3. Suppose h = 4*b - p*o + 3*o, 0 = -3*b - 3*o + 66. Calculate the greatest common factor of b and 34.
17
Let d = 29 - -7. Calculate the greatest common divisor of 18 and d.
18
Suppose 11*s - 3*f - 578 = 6*s, 5*s + 4*f - 571 = 0. Let a = -3 - -26. Calculate the highest common divisor of s and a.
23
Let t(q) = 3*q**2 + 2*q - 8. Let h be t(-4). Calculate the highest common factor of h and 4.
4
Let p be 3/((3 + -1 - -1)/14). What is the highest common factor of p and 70?
14
Let j(g) = g**2 - 2*g + 4. Let w be j(5). Suppose -c = -6*c + 4*d + w, d + 24 = 4*c. What is the highest common factor of c and 14?
7
Suppose 2 = -4*r + b + 10, 0 = -4*b. Suppose -r*p + 0*j - 3*j + 47 = 0, -p - 4*j = -26. What is the highest common divisor of p and 55?
11
Suppose 0 = -k - 2*k - 6. Let f be ((-3)/(-2) + k)*-6. Let j be (-1)/f - (-256)/12. Calculate the greatest common divisor of 7 and j.
7
Let b(p) = 13*p - 8. Let c be b(-5). Let f = -47 - c. Let y be (-1166)/(-18) - (-4)/18. What is the highest common divisor of f and y?
13
Let d = -36 + 50. Suppose d + 0 = 2*f. Calculate the highest common factor of f and 21.
7
Suppose -3*b = -l - 0*l + 8, b - l = -4. Let s = -8 - -11. Let c = b + s. What is the greatest common divisor of c and 7?
1
Suppose -5*t + 94 = n, 2*t + 0*n = 3*n + 24. Calculate the highest common divisor of t and 9.
9
Suppose 0 = -2*n - 6 + 2, -46 = -2*u + 5*n. Suppose -3*m + m = -378. Suppose -2*p = -99 - m. What is the greatest common factor of p and u?
18
Let z = 41 - 26. Suppose -f - z = -6*f, -5*x + 3*f = -6. Calculate the highest common divisor of 15 and x.
3
Suppose 11*u = 13*u - 80. Calculate the highest common factor of 100 and u.
20
Let a(j) = -j**3 - 6*j**2 - 5*j - 2. Let y be a(-5). Let g be y/8 + (-87)/(-12). Suppose 2*v + 2*v - 196 = 0. What is the greatest common divisor of v and g?
7
Suppose 0 = 4*p - 3*c - 107, 3*p + 89 = 6*p - 4*c. Suppose 4*u = p + 13. Calculate the greatest common factor of 6 and u.
3
Let x(g) = 0*g - 3*g + 3 - 2. Let s be x(1). Let q be (2/4)/((-1)/s). Calculate the highest common factor of q and 1.
1
Let x be (-2 - 0)*(4 - 8). Suppose 3*w - 2 = -x. Let k be 1/(2/4) - w. Calculate the highest common factor of k and 20.
4
Let h = 1 + -6. Let q(z) = z**3 + 6*z**2 - 5. Let u be q(h). What is the greatest common factor of u and 30?
10
Suppose 3*b + b = 4*c - 24, -3*c - 4*b + 46 = 0. What is the greatest common factor of 70 and c?
10
Let v be 2/9 + 80/45. Suppose v*c - 14 - 6 = 0. Calculate the highest common divisor of 4 and c.
2
Suppose 0*v = -3*v - 4*h - 4, 5*v - 4*h - 4 = 0. Suppose v = -2*s - 0*s + 26. Let i be (-834)/(-8) - (-3)/(-12). What is the highest common factor of i and s?
13
Let c(h) = 2*h + 6. Let a be c(-5). Let z(p) = -33*p. Let n be z(a). Suppose -4*y = -0*y - n. Calculate the greatest common divisor of 3 and y.
3
Let v be (-794)/(-8) + ((-6)/(-8) - 1). What is the highest common divisor of v and 11?
11
Let z(d) = d - 3 + 2 - 4 - 2. Let o be z(6). Let j be ((-65)/10)/(o/2). Calculate the greatest common divisor of 52 and j.
13
Suppose 0 = b - 2*b + 2*o + 26, -2*b = -o - 67. Suppose 0*h + 3*c = h - 20, b = 3*h - 3*c. Calculate the highest common divisor of 88 and h.
8
Let v = 65 + -33. Calculate the greatest common divisor of v and 256.
32
Let q(i) = -i**3 - 12*i**2 + 11*i + 2. Let o be q(-13). Calculate the greatest common divisor of o and 14.
14
Let p(t) = 197*t - 1. Let f be p(1). What is the highest common factor of f and 28?
28
Let x be ((-20)/(-3))/(4/36). What is the greatest common divisor of 15 and x?
15
Let j(o) = -o**3 - 9*o**2 + 8. Let s be j(-9). Let d be (-18)/s*4/(-3). What is the greatest common divisor of 9 and d?
3
Let w be (-4)/(-40)*2*95. Calculate the greatest common factor of w and 361.
19
Suppose b + 1 = 5*a + 40, 5*b = -4*a + 340. Calculate the greatest common factor of 8 and b.
8
Let z = 19 - 4. Let m be ((-1)/(-2))/((-2)/(-1464)). Suppose i - m = -2*i + 3*a, 3*i - a - 362 = 0. What is the highest common divisor of z and i?
15
Let q(v) = v**2 + 4*v - 2. Let p be q(-6). Suppose 4*m - p = -m. Suppose 0 = 5*i + 3 - 18. Calculate the greatest common divisor of m and i.
1
Let n(r) = -r**2 + 3*r + 19. Let m be n(6). Calculate the greatest common divisor of 9 and m.
1
Let n be -2 - 0 - -107 - 1. Calculate the highest common factor of 13 and n.
13
Let z be (-3)/(-2) + 414/36. Calculate the greatest common factor of z and 13.
13
Let h(l) = 12*l - 2. Let y be h(1). What is the greatest common factor of y and 15?
5
Let s(z) = z**2 + 3*z + 4. Let d be s(-3). Let p = 40 - -56. Let f be (-1)/(-1) + p/d. What is the greatest common divisor of 10 and f?
5
Suppose 0 = -4*a - 3 + 67. Calculate the greatest common factor of a and 176.
16
Let i(u) = -u**2 - 6*u + 19. Suppose -z - 5 = 3. Let k be i(z). Calculate the greatest common factor of k and 12.
3
Let g be (-1)/5 - 11/(-5). Let v = 7 - 5. Calculate the highest common factor of v and g.
2
Let f = 3 - 0. Suppose f*w - 24 = -n - n, 5*n + 5*w - 50 = 0. What is the greatest common divisor of 12 and n?
6
Let n = -8 - -48. Calculate the highest common divisor of 8 and n.
8
Let v be (0 - -1)/((-1)/101). Let i = 25 + 2. Let x be (-6)/i - v/9. What is the greatest common factor of x and 88?
11
Let x(t) = 7*t**2 - 1. Let k be x(1). Let u = k + -6. Suppose 4*j + 4*l - 2*l - 72 = 0, -j + 3*l + 11 = u. Calculate the greatest common factor of j and 119.
17
Suppose 0*w - 5*g = -5*w + 10, w - 4*g + 7 = 0. Suppose u + 24 = 2*u + w*p, 0 = -2*u - 5*p + 28. Let n = -3 + 7. What is the greatest common factor of n and u?
4
Suppose 6*w - 18 = 3*w. Let n(p) = p**3 + 10*p**2 + 11*p + 2. Let u be n(-8). What is the greatest common divisor of u and w?
6
Let s(n) = -2*n - 1. Let o be s(-3). Suppose o*y = 35 + 15. What is the highest common divisor of 10 and y?
10
Suppose 3*g = 4*h + 190, 197 + 141 = 5*g + 4*h. Let j be (-25)/10*(-12)/5. What is the highest common factor of j and g?
6
Let b be (4 - (-2 - -4)) + 2. Let i(x) = b + 0 - 3*x - 5. Let r be i(-2). What is the greatest common factor of r and 20?
5
Let g be (-3)/2*16/(-12). Let h(p) = 2*p**2 + g*p - p**2 + 5*p**3 - 4*p**2. Let d be h(2). What is the greatest common factor of d and 16?
16
Let v be (0 + (4 - 9))*-5. Calculate the greatest common divisor of v and 275